33 + -13b668?
-13b99b
In base 11, what is 34399865 + 5?
3439986a
In base 10, what is 25229887 + 1?
25229888
In base 11, what is -30 - 1394aa?
-13952a
In base 10, what is 219095304 - 3?
219095301
In base 11, what is -787729 + -3?
-787731
In base 14, what is d53ab - -10?
d53bb
In base 15, what is -16 + -c628d?
-c62a4
In base 8, what is 20 - -6727701?
6727721
In base 14, what is -14a13c6 + -1?
-14a13c7
In base 3, what is -100022112 - -122112220?
22020101
In base 16, what is -5 - -b98bcbe?
b98bcb9
In base 4, what is 231330 - 210123?
21201
In base 7, what is 40261 - 44?
40214
In base 11, what is -a45542 - -11?
-a45531
In base 10, what is 5 + 7833990?
7833995
In base 4, what is 1310133333302 - 3?
1310133333233
In base 13, what is 100813 + -7b?
100765
In base 15, what is -1cda291 + 4?
-1cda28c
In base 12, what is -117644 + -82?
-117706
In base 9, what is -18 - -16537574?
16537555
In base 12, what is bb5 + -a416?
-9421
In base 14, what is -442 + b2001?
b199d
In base 13, what is a709a + -173?
a6c27
In base 7, what is -2 + 2220313553?
2220313551
In base 6, what is 1323 + 12133032?
12134355
In base 9, what is -40633 - 724?
-41457
In base 16, what is 4 + -1cc080?
-1cc07c
In base 3, what is 2 - -112100201012?
112100201021
In base 16, what is c0 - 46103a?
-460f7a
In base 11, what is 7 - 1281a6?
-12819a
In base 13, what is 66c6596 + 5?
66c659b
In base 8, what is -67612 + 14630?
-52762
In base 2, what is -1001 - 110101110011111011010?
-110101110011111100011
In base 13, what is 660a9 + -9?
660a0
In base 9, what is -6601 - 2418?
-10120
In base 16, what is 1c68 + 9e?
1d06
In base 16, what is -248e32c5 + -1?
-248e32c6
In base 4, what is 11033331131202 + 1?
11033331131203
In base 9, what is -52036 - 32?
-52068
In base 10, what is 12 + 39667?
39679
In base 12, what is -15b - 1b205?
-1b364
In base 14, what is 9a15a2 + 2?
9a15a4
In base 14, what is 2111 - -284?
2395
In base 3, what is -200121201211100221 - 1?
-200121201211100222
In base 14, what is -19549dc7 - -3?
-19549dc4
In base 3, what is 100 - -10000100210021?
10000100210121
In base 7, what is -244 + 162426?
162152
In base 12, what is -1937a8 - 12b?
-193917
In base 5, what is 1 - 2124003323?
-2124003322
In base 7, what is 6121 + 24233?
33354
In base 8, what is 730040 - 10613?
717225
In base 16, what is 0 + 3b0e5f?
3b0e5f
In base 4, what is -3 - 213203303320?
-213203303323
In base 10, what is -157 - -2059001?
2058844
In base 13, what is 1908276 + 4?
190827a
In base 11, what is 28896 - 249?
28648
In base 7, what is -14 - -2032063546?
2032063532
In base 12, what is -594809a + -4?
-59480a2
In base 2, what is 1000001011001111101 - 1000011100?
1000001010001100001
In base 3, what is 220222 - 21122?
122100
In base 10, what is 569387 - -10?
569397
In base 12, what is 5 + -2728437b?
-27284376
In base 4, what is 200101232 - -10203?
200112101
In base 7, what is 435513 + 4164?
443010
In base 3, what is 12122 + -12012202122202?
-12012202110010
In base 11, what is 725 - 93107?
-92492
In base 4, what is 1112032 + 1133302?
2312000
In base 5, what is 1100002100 - 400?
1100001200
In base 13, what is -540909c - -1?
-540909b
In base 13, what is 101 - c94b?
-c84a
In base 11, what is -162841 + 2637?
-160205
In base 7, what is -65 + -145363?
-145461
In base 5, what is -3 - 114123202?
-114123210
In base 9, what is 7046317 - -34?
7046352
In base 10, what is 559361 - -16?
559377
In base 7, what is -54325 - -103621?
16263
In base 3, what is -1121 - -111020221111?
111020212220
In base 6, what is 1015401 + 20?
1015421
In base 3, what is -10021010011120102 + 10?
-10021010011120022
In base 9, what is 188501 + -6652?
181738
In base 5, what is 443040 - 144231?
243304
In base 10, what is -142562 + 251?
-142311
In base 12, what is 24b6 + -2a?
2488
In base 7, what is -1 + 130024260?
130024256
In base 15, what is -e33e - 216?
-e555
In base 8, what is -71247 + 2001?
-67246
In base 16, what is -e - 9f8f52?
-9f8f60
In base 13, what is -121262 - 25?
-121287
In base 6, what is -24 - 12051442?
-12051510
In base 14, what is -513c - 8d?
-51cb
In base 15, what is 5dbb + -16?
5da5
In base 7, what is -2 - 66512525?
-66512530
In base 2, what is -1101110110101 + -110111010010001?
-1000101001000110
In base 4, what is 3 - 13332120300221?
-13332120300212
In base 11, what is 3756402 + -2?
3756400
In base 7, what is -206102616 - 4?
-206102623
In base 5, what is 30141143 - -3210?
30144403
In base 5, what is -24210 - -3420004?
3340244
In base 2, what is 10000010111011110111001011 + -101?
10000010111011110111000110
In base 9, what is 1083448 + 8?
1083457
In base 11, what is 14529944 + -33?
14529911
In base 2, what is -1001001 - 11010000100001011101?
-11010000100010100110
In base 14, what is b383 + 92b7?
1665a
In base 10, what is 100552533 + 4?
100552537
In base 5, what is 0 - -444204313?
444204313
In base 14, what is -9 - -925286?
92527b
In base 12, what is 1 - -9b6648?
9b6649
In base 4, what is -103 - -220301300?
220301131
In base 13, what is 2b5 + -2275a?
-22475
In base 5, what is -2001232334243 - -2?
-2001232334241
In base 10, what is -10 + -671911?
-671921
In base 2, what is -100001010101 + -11111000101000?
-100011001111101
In base 6, what is -51221 + 42224?
-4553
In base 5, what is -202320010 - 103?
-202320113
In base 16, what is -f25e62 - 0?
-f25e62
In base 2, what is -10 + 1001001011101010001111001010?
1001001011101010001111001000
In base 14, what is 4 - 12bb575?
-12bb571
In base 16, what is -431 + -99ec?
-9e1d
In base 15, what is -477ab4 + -68?
-477b2c
In base 13, what is -117 + 606ca?
605b3
In base 16, what is -1193ff - -76?
-119389
In base 12, what is 9 + -b38146b?
-b381462
In base 2, what is 100000 - 110110110010011101?
-110110110001111101
In base 12, what is -9a4 + -3946?
-472a
In base 12, what is 5086b505 - 2?
5086b503
In base 16, what is -17 - f0b95?
-f0bac
In base 6, what is 1312 - -2134504?
2140220
In base 14, what is 12719bb - 3?
12719b8
In base 16, what is -11 - -c9f1bc?
c9f1ab
In base 10, what is 390 - -959651?
960041
In base 8, what is 277 + -146326?
-146027
In base 12, what is 3 + -1796747?
-1796744
In base 2, what is -1000010010110 + -11000001011?
-1011010100001
In base 7, what is 56600 - 3361?
53206
In base 13, what is 14 + -57b766?
-57b752
In base 5, what is -124 + -1402033?
-1402212
In base 3, what is 2221210020 + -110011?
2221100002
In base 8, what is 2 + -7676731?
-7676727
In base 10, what is -1 - -2280732?
2280731
In base 12, what is -2263 + -43086?
-45329
In base 4, what is 20321232 + -12221?
20303011
In base 10, what is -3 + 2855472?
2855469
In base 8, what is -47 + 1454247?
1454200
In base 6, what is 24 - -1211341345?
1211341413
In base 6, what is 230442 - -131202?
402044
In base 10, what is -2961028 + 3?
-2961025
In base 7, what is -23321 + -531?
-24152
In base 9, what is 23 - 2441365?
-2441342
In base 10, what is -2984 - 998?
-3982
In base 5, what is 112423221124 + 3?
112423221132
In base 5, what is 11403 + 302001021?
302012424
In base 4, what is -120012232323322 - 10?
-120012232323332
In base 14, what is -d1 - 3ba97?
-3bb88
In base 9, what is -157 - -1604433?
1604265
In base 9, what is 1166 + -57871?
-56704
In base 14, what is -138b0d + -1?
-138b10
In base 4, what is 110313 - -12212013?
12322332
In base 15, what is 3233215 - e?
3233206
In base 13, what is -72a0 + 5ac3?
-14aa
In base 9, what is -3 + -1610842?
-1610845
In base 3, what is -212001 - 121210101222?
-121211021000
In base 4, what is 1032233 + 223020030?
230112323
In base 16, what is -2 + 276920?
27691e
In base 2, what is -10000111010010111110 + 101000101?
-10000111001101111001
In base 2, what is 11001100 + 10111001000?
11010010100
In base 11, what is -15 - -5527a58?
5527a43
In base 4, what is 22212 + -331020032?
-330331220
In base 3, what is 11100021012200 + -1022?
11100021011101
In base 13, what is -5c - -c6b13?
c6a84
In base 16, what is 190c31 - -1d?
190c4e
In base 9, what is -160776 - -174?
-160602
In base 13, what is 7646a9 + 7c?
764758
In base 11, what is -22254 - -265?
-21a9a
In base 6, what is 240025435512 - -2?
240025435514
In base 5, what is -143142311031 + -3?
-143142311034
In base 12, what is -a7 + -25aa64?
-25ab4b
In base 16, what is 5939348 + -1?
5939347
In base 4, what is 20 - -130131030102?
130131030122
In base 5, what is 2332034 - -100014?
2432103
In base 1